{"id":27,"date":"2014-09-19T07:46:34","date_gmt":"2014-09-19T06:46:34","guid":{"rendered":"http:\/\/stinysera.dark-net.cz\/?page_id=27"},"modified":"2019-11-18T22:15:31","modified_gmt":"2019-11-18T21:15:31","slug":"realie","status":"publish","type":"page","link":"https:\/\/stinysera.dark-net.cz\/?page_id=27","title":{"rendered":"Re\u00e1lie"},"content":{"rendered":"\n<p><u><b>Hern\u00ed sv\u011bt<\/b><\/u><\/p>\n<p>B\u011b\u017en\u00e1 realita pln\u011b odpov\u00edd\u00e1 sou\u010dasnosti, jak ji zn\u00e1te z ka\u017edodenn\u00edho \u017eivota. O\u010d\u00edm \u010dlov\u011bka, v jeho smrteln\u00e9 omezenosti skryt\u00fd, zde v\u0161ak existuje tak\u00e9 st\u00edn. P\u0159edstavte si jen na chv\u00edli sv\u011bt jako jeden obrovsk\u00fd, neust\u00e1le v rytmu hudby v\u00ed\u0159\u00edc\u00ed ma\u0161karn\u00ed b\u00e1l. Jenom\u017ee ne v\u0161ichni zamaskovan\u00ed tane\u010dn\u00edci jsou ve skute\u010dnosti oby\u010dejn\u00ed lid\u00e9. A pr\u00e1v\u011b oni, p\u0159\u00edslu\u0161n\u00edci st\u00ednu, bez v\u011bdom\u00ed ostatn\u00edch ud\u00e1vaj\u00ed rytmus hudby i tane\u010dn\u00ed krok, zkr\u00e1tka vedou na pomysln\u00e9mu parketu tak, jako ve skute\u010dnosti vl\u00e1dnou sv\u011btu. Jedin\u00e9, co odd\u011bluje b\u011b\u017enou realitu a nadp\u0159irozeno, je p\u0159itom bari\u00e9ra nev\u011bdomosti.<\/p>\n<p><img loading=\"lazy\" decoding=\"async\" class=\"aligncenter size-large wp-image-1014\" src=\"https:\/\/stinysera.dark-net.cz\/wp-content\/uploads\/2014\/09\/vampyr-1024x542.png\" alt=\"vampyr\" width=\"900\" height=\"477\" srcset=\"https:\/\/stinysera.dark-net.cz\/wp-content\/uploads\/2014\/09\/vampyr-1024x542.png 1024w, https:\/\/stinysera.dark-net.cz\/wp-content\/uploads\/2014\/09\/vampyr-300x158.png 300w\" sizes=\"auto, (max-width: 900px) 100vw, 900px\" \/><br \/><u><b>Obyvatel\u00e9 sv\u011bta<\/b><\/u>\n<br><\/br>\n<b>B\u011b\u017en\u00e1 realita<\/b><br>\n<p><u>Lid\u00e9<\/u><\/p>\n<p>Nejpo\u010detn\u011bj\u0161\u00ed obyvatel\u00e9 sv\u011bta, bez schopnosti u\u017e\u00edvat magii. Mohou se v\u0161ak v tomto sm\u011bru v\u011bnovat jak\u00e9koliv teorii \u010di discipl\u00edn\u00e1m jako nap\u0159\u00edklad alchymie nebo astrologie, kter\u00e9 nevy\u017eaduj\u00ed, aby byl praktikuj\u00edc\u00ed schopen s magi\u00ed pracovat.<\/p>\n<p><u>Nadan\u00ed<\/u><\/p>\n<p>P\u016fvodem lid\u00e9, kte\u0159\u00ed se v\u0161ak narodili s darem alespo\u0148 omezen\u011b u\u017e\u00edvat magii. Ve velmi vz\u00e1cn\u00fdch p\u0159\u00edpadech se dokonce spolu s vy\u0161\u0161\u00ed m\u00edrou nad\u00e1n\u00ed m\u016f\u017ee vyskytnout i n\u011bjak\u00e1 nadp\u0159irozen\u00e1 schopnost (telekineze, \u0161est\u00fd smysl,&#8230;) nebo fyzick\u00e1 abnormalita (dr\u00e1py, rohy,&#8230;). I ti nejmocn\u011bj\u0161\u00ed z nadan\u00fdch v\u0161ak nikdy nemohou dos\u00e1hnout pln\u011b rozvinut\u00e9 okultn\u00ed s\u00edly supernatur\u00e1l\u016f, ani v\u011bt\u0161iny eter\u00e1l\u016f. Rovn\u011b\u017e nadp\u0159irozen\u00e9 schopnosti \u010di abnormality nadan\u00fdch b\u00fdvaj\u00ed t\u00e9m\u011b\u0159 nepost\u0159ehnuteln\u00e9 (telekinez\u00ed lze pohnout figurkou, rohy jsou jen zakrn\u011bl\u00e9 v\u00fdr\u016fstky,&#8230;). D\u00e1le se d\u011bl\u00ed na sp\u00edc\u00ed a probuzen\u00e9.<\/p>\n<p><i>Sp\u00edc\u00ed<\/i><\/p>\n<p>O sv\u00e9m daru nev\u011bd\u00ed, ani jej nikterak nerozv\u00edjej\u00ed. V pr\u016fb\u011bhu \u017eivota u nich m\u016f\u017ee, ale tak\u00e9 nemus\u00ed, doj\u00edt k takzvan\u00e9mu probuzen\u00ed, p\u0159i n\u011bm\u017e si existenci sv\u00e9ho nad\u00e1n\u00ed pln\u011b uv\u011bdom\u00ed (zpravidla n\u011bjak\u00e1 konkr\u00e9tn\u00ed ud\u00e1lost). A\u017e na v\u00fdjimky nev\u011bd\u00ed nic o existenci st\u00ednu.\n<br><\/br>\n<b>P\u0159\u00edslu\u0161n\u00edci st\u00ednu<\/b><br>\n<p><i>Probuzen\u00ed<\/i><\/p>\n<p>O sv\u00e9m daru v\u011bd\u00ed a ve v\u011bt\u0161in\u011b p\u0159\u00edpad\u016f jej i aktivn\u011b rozv\u00edjej\u00ed. Mezi lidmi se zpravidla pohybuj\u00ed v prost\u0159ed\u00ed s v\u00edce \u010di m\u00e9n\u011b v\u00fdrazn\u00fdm vztahem k n\u011bjak\u00e9mu druhu esoteriky (pohan\u00e9, satanist\u00e9, vyklada\u010dky karet, l\u00e9\u010ditel\u00e9, zam\u011bstnanci \u010darod\u011bjnick\u00fdch obchod\u016f,&#8230;). Jak\u00e1koliv organizace je zpravidla lok\u00e1ln\u00ed a cel\u00e1 spole\u010dnost probuzen\u00fdch nadan\u00fdch zna\u010dn\u011b prom\u011bnliv\u00e1.<\/p>\n<p><u>Supernatur\u00e1lov\u00e9<\/u><\/p>\n<p>Nekorunovan\u00ed vl\u00e1dcov\u00e9 sv\u011bta, jeho\u017e b\u011b\u017enou realitu ovl\u00e1daj\u00ed skrze st\u00edn. Sami nestoj\u00ed v \u010dele \u017e\u00e1dn\u00e9ho st\u00e1tu ani mezin\u00e1rodn\u00ed organizace typu OSN \u010di NATO. P\u0159esto jsou &#8222;infiltrov\u00e1ni&#8220; ve v\u0161ech zn\u00e1m\u00fdch leg\u00e1ln\u00edch i neleg\u00e1ln\u00edch struktur\u00e1ch a nic se neodehraje bez jejich v\u011bdom\u00ed. V lidsk\u00e9 spole\u010dnosti p\u0159\u00edli\u0161 nevyhled\u00e1vaj\u00ed vztah k\u00a0nadp\u0159irozenu, zam\u011b\u0159uj\u00ed se sp\u00ed\u0161e pragmatick\u00fdm sm\u011brem. Existuj\u00ed celkem t\u0159i supernatur\u00e1ln\u00ed druhy, \u010di frakce, s jejich\u017e popisem se m\u016f\u017eete bl\u00ed\u017ee sezn\u00e1mit n\u00ed\u017ee. Ka\u017ed\u00fd supernatur\u00e1l m\u00e1 ji\u017e od narozen\u00ed dar ovl\u00e1dat magii a t\u00e9m\u011b\u0159 neomezen\u00fd potenci\u00e1l v\u0161estrann\u00e9ho rozvoje, dalece p\u0159ekra\u010duj\u00edc\u00ed mo\u017enosti jin\u00fdch bytost\u00ed. V\u0161ichni p\u0159\u00edslu\u0161n\u00edci st\u00ednu bez v\u00fdjimky se jim pod\u0159izuj\u00ed.<\/p>\n<p><a href=\"https:\/\/stinysera.dark-net.cz\/wp-content\/uploads\/2019\/11\/Supernatur\u00e1lov\u00e9-vlkodlaci.pdf\" target=\"_blank\" rel=\"noopener noreferrer\"><span style=\"color: darkred;\">Supernatur\u00e1lov\u00e9 &#8211; vlkodlaci<\/span><\/a><br \/><a href=\"https:\/\/stinysera.dark-net.cz\/wp-content\/uploads\/2019\/11\/Supernatur\u00e1lov\u00e9-up\u00ed\u0159i.pdf\" target=\"_blank\" rel=\"noopener noreferrer\"><span style=\"color: darkred;\">Supernatur\u00e1lov\u00e9 &#8211; up\u00ed\u0159i<\/span><\/a><br \/><a href=\"https:\/\/stinysera.dark-net.cz\/wp-content\/uploads\/2019\/11\/Supernatur\u00e1lov\u00e9-lovci.pdf\" target=\"_blank\" rel=\"noopener noreferrer\"><span style=\"color: darkred;\">Supernatur\u00e1lov\u00e9 &#8211; lovci<\/span><\/a><\/p>\n<p><u>Eter\u00e1lov\u00e9<\/u><\/p>\n<p>Neboli tak\u00e9 d\u011bti chaosu, poch\u00e1zej\u00edc\u00ed z vn\u011bj\u0161\u00edch sv\u011bt\u016f. Od and\u011bl\u016f, p\u0159es vodn\u00edky a dry\u00e1dy, a\u017e po d\u00e9mony. Pr\u00e1v\u011b skrze n\u011b historicky lidstvo nej\u010dast\u011bji p\u0159i\u0161lo do kontaktu se st\u00ednem a b\u00fdv\u00e1 tomu tak i dnes. A\u017e na v\u00fdjimky se vyskytuj\u00ed pouze jako jednotlivci nebo v mal\u00fdch skupin\u00e1ch, a\u010dkoliv n\u011bkter\u00e9 z nich lze ozna\u010dit jako sv\u00e9bytn\u00e9 druhy. Podoby a schopnosti eter\u00e1l\u016f maj\u00ed tak\u0159ka nekone\u010dnou variabilitu. I oni se rod\u00ed s\u00a0nad\u00e1n\u00edm pro magii, \u017e\u00e1dn\u00fd aspekt jejich byt\u00ed v\u0161ak nedosahuje mo\u017enost\u00ed supernatur\u00e1l\u016f. Mimo domovsk\u00fd sv\u011bt jsou nav\u00edc slab\u0161\u00ed a z\u00e1visl\u00ed na shroma\u017e\u010fov\u00e1n\u00ed lidsk\u00fdch du\u0161\u00ed. B\u011b\u017en\u00e1 realita je p\u0159itahuje jako plamen m\u016fry, p\u0159edstavuje potenci\u00e1l jejich moci i nekone\u010dn\u00e9 mo\u017enosti existence, pobyt v\u00a0n\u00ed je ale z\u00e1rove\u0148 pomalu zab\u00edj\u00ed.<\/p>\n<p><u>Ni\u017e\u0161\u00ed<\/u><\/p>\n<p>P\u0159\u00edslu\u0161n\u00edci st\u00ednu, jejich\u017e du\u0161e nebo fyzick\u00e9 t\u011blo trp\u00ed n\u011bjakou formou posti\u017een\u00ed ve vztahu k nadp\u0159irozen\u00e9 existenci. N\u011bkte\u0159\u00ed p\u0159edstavuj\u00ed cel\u00e9 druhy (duchov\u00e9, zombie, vamp\u00fd\u0159i,\u2026), u jin\u00fdch se jedn\u00e1 o individu\u00e1ln\u00ed vadu (vlkodlak neschopn\u00fd p\u0159em\u011bny, and\u011bl p\u0159ipraven\u00fd o k\u0159\u00eddla,\u2026). Jejich p\u0159irozen\u00e9 dispozice jsou v\u011bc\u00ed p\u016fvodu, spole\u010denstv\u00ed st\u00edn\u016f je v\u0161ak vn\u00edm\u00e1 p\u0159inejlep\u0161\u00edm rezervovan\u011b. Podobn\u011b jako eter\u00e1lov\u00e9, pr\u00e1v\u011b ni\u017e\u0161\u00ed se zna\u010dnou m\u011brou pod\u00edleli na vzniku nespo\u010dtu poh\u00e1dek, m\u00fdt\u016f a legend lidsk\u00e9ho sv\u011bta.<\/p>\n<p><!-- p--><br \/><img loading=\"lazy\" decoding=\"async\" class=\"aligncenter size-full wp-image-940\" src=\"https:\/\/stinysera.dark-net.cz\/wp-content\/uploads\/2014\/09\/Call-of-Cthulhu-Encounter-2.png\" alt=\"Call-of-Cthulhu-Encounter (2)\" width=\"871\" height=\"487\" srcset=\"https:\/\/stinysera.dark-net.cz\/wp-content\/uploads\/2014\/09\/Call-of-Cthulhu-Encounter-2.png 871w, https:\/\/stinysera.dark-net.cz\/wp-content\/uploads\/2014\/09\/Call-of-Cthulhu-Encounter-2-300x167.png 300w\" sizes=\"auto, (max-width: 871px) 100vw, 871px\" \/><br \/><u><b>Spole\u010denstv\u00ed st\u00ednu<\/b><\/u><\/p>\n<p>T\u00e9m\u011b\u0159 v ni\u010dem se kupodivu r\u00e1mcov\u011b neli\u0161\u00ed od lidsk\u00e9 spole\u010dnosti. V\u011bt\u0161ina p\u0159\u00edslu\u0161n\u00edk\u016f st\u00ednu na zemi nen\u00ed ji\u017e po generace z\u00fa\u010dastn\u011bna na \u017e\u00e1dn\u00e9m velk\u00e9m aktivn\u00edm konfliktu a \u017eij\u00ed sv\u00e9 \u017eivoty v symbi\u00f3ze s lidmi. B\u011b\u017en\u011b adaptovan\u00ed \u010dlenov\u00e9 spole\u010denstv\u00ed neum\u011bj\u00ed nab\u00edt pistoli, zlom\u00ed si ruku p\u00e1dem ze schod\u016f, mohou propadnout u maturity nebo dostat v\u00fdpov\u011b\u010f z pr\u00e1ce. Jsou nekone\u010dnou variac\u00ed povah, maj\u00ed sv\u00e9 radosti i strasti, zkr\u00e1tka jsou \u201elid\u0161t\u00ed\u201c. Nejv\u011bt\u0161\u00edm probl\u00e9mem p\u0159itom je neust\u00e1l\u00e1 \u201eschizofrenie\u201c, proto\u017ee i ten nejpasivn\u011bj\u0161\u00ed a nejp\u0159izp\u016fsobiv\u011bj\u0161\u00ed p\u0159\u00edslu\u0161n\u00edk st\u00ednu nikdy nem\u016f\u017ee ze sv\u00e9ho \u017eivota existenci nadp\u0159irozena zcela vymazat. St\u00edn nab\u00edz\u00ed mnoh\u00e9, ale um\u00ed si tak\u00e9 vybrat krutou da\u0148. Cena \u017eivota zde v\u017edy bude m\u00edt ni\u017e\u0161\u00ed kurz.<br \/>A\u010dkoliv je spole\u010denstv\u00ed st\u00ednu odd\u011bleno od lid\u00ed p\u0159edev\u0161\u00edm informa\u010dn\u00edm utajen\u00edm, existuj\u00ed mnoh\u00e1 m\u00edsta, kter\u00e1 jsou maskov\u00e1na i za pomoci magie. A to v\u010detn\u011b t\u011bch zd\u00e1nliv\u011b \u201ebezv\u00fdznamn\u00fdch\u201c, jako jsou \u0161koly nebo no\u010dn\u00ed kluby, proto\u017ee p\u0159\u00edslu\u0161n\u00edci st\u00ednu p\u0159irozen\u011b pot\u0159ebuj\u00ed i prost\u0159ed\u00ed, kde mohou b\u00fdt pln\u011b sami sebou. S t\u00edm je spojena mimo jin\u00e9 i existence jak\u00e9si nadp\u0159irozen\u00e9 m\u011bny \u2013 st\u00ednokam\u016f. Tento vz\u00e1cn\u00fd nerost pro \u010dlov\u011bka nem\u00e1 \u017e\u00e1dnou cenu, ale ve st\u00ednu se bez n\u011bho neobejdete.\n<br><\/br>\n<u><b>St\u00ednov\u00fd konflikt<\/b><\/u><br>\n<p>I ve st\u00ednu prob\u00edh\u00e1 nespo\u010det t\u0159enic, od t\u011bch nejmalichern\u011bj\u0161\u00edch, a\u017e po ot\u00e1zky dominance nad n\u011bkterou \u010d\u00e1st\u00ed sv\u011bta. Ty se p\u0159itom nemus\u00ed v\u016fbec prom\u00edtnout do b\u011b\u017en\u00e9 reality a naopak. V\u017edy v\u0161ak plat\u00ed neporu\u0161iteln\u00e9 pravidlo zachov\u00e1n\u00ed tajemstv\u00ed st\u00ednu. D\u016fvod je prost\u00fd. Prozrazen\u00ed by t\u00e9m\u011b\u0159 jist\u011b znamenalo v\u00e1lku s lidmi a n\u00e1slednou zk\u00e1zu. A\u0165 u\u017e jsou p\u0159\u00edslu\u0161n\u00edci st\u00ednu sebemocn\u011bj\u0161\u00ed, lidstvo je oproti nim jednodu\u0161e p\u0159\u00edli\u0161 po\u010detn\u00e9 a nakonec by muselo nevyhnuteln\u011b zv\u00edt\u011bzit.<br \/>Chladnou ocel pro \u0159e\u0161en\u00ed vnit\u0159n\u00edch z\u00e1le\u017eitost\u00ed postupem \u010dasu nahradila politika, ekonomika, soudn\u00ed spory a dal\u0161\u00ed \u201ezbran\u011b\u201c. V modern\u00ed dob\u011b posledn\u00edho v\u00edce ne\u017e p\u016fl stolet\u00ed pak u\u017e k otev\u0159en\u00fdm st\u0159et\u016fm prakticky nedoch\u00e1z\u00ed. Bylo p\u0159ijato uzn\u00e1n\u00ed hranic vlivu jednotliv\u00fdch supernatur\u00e1ln\u00edch druh\u016f a situace je od dob 2. sv\u011btov\u00e9 v\u00e1lky pom\u011brn\u011b stabiln\u00ed.\n<br><\/br>\n<u><b>Du\u0161e a (ne)smrtelnost<\/b><\/u><br>\n<p>T\u00edm nejcenn\u011bj\u0161\u00edm vlastnictv\u00edm ka\u017ed\u00e9 bytosti s v\u016fl\u00ed (v\u010detn\u011b zv\u00ed\u0159at) je jej\u00ed du\u0161e, p\u0159edstavuj\u00edc\u00ed samotnou podstatu byt\u00ed. Ve chv\u00edli skonu se rozplyne, co\u017e znamen\u00e1 definitn\u00ed konec existence. V\u00fdjimku p\u0159edstavuj\u00ed pouze supernatur\u00e1lov\u00e9, jejich\u017e du\u0161e si dok\u00e1\u017e\u00ed svoji integritu do\u010dasn\u011b zachovat i po smrti, co\u017e je \u010din\u00ed potenci\u00e1ln\u011b nesmrteln\u00fdmi. Osamocen\u00e1 du\u0161e reprezentuje v\u011bdom\u00ed zesnul\u00e9ho, neschopn\u00e9 v\u0161ak jak\u00e9koliv vlastn\u00ed manifestace. Nez\u00edsk\u00e1-li t\u011blo, neust\u00e1le sl\u00e1bne, a\u017e nevyhnuteln\u011b zanikne.<br \/>Du\u0161i p\u0159itom lze udr\u017eet i\u00a0 s pomoc\u00ed magie (by\u0165 t\u0159ebas nev\u011bdom\u00e9). Toto um\u011bn\u00ed se hojn\u011b pou\u017e\u00edv\u00e1 p\u0159edev\u0161\u00edm mezi eter\u00e1ly (odtud pov\u011bsti o smlouv\u00e1ch s \u010f\u00e1blem). Du\u0161e jsou zdrojem jejich moci a ani obchodov\u00e1n\u00ed s nimi nic neobvykl\u00e9ho. Tento potenci\u00e1l maj\u00ed v\u0161ak t\u00e9m\u011b\u0159 v\u00fdhradn\u011b du\u0161e lidsk\u00e9. Z\u00e1rove\u0148 i v p\u0159\u00edpad\u011b, kdy by byla takov\u00e1 zachov\u00e1na z vlastn\u00ed v\u016fle, nejedn\u00e1 se o byt\u00ed nikterak p\u0159\u00edjemn\u00e9.<br \/>Pouze lid\u00e9 (v\u010detn\u011b nadan\u00fdch) a zv\u00ed\u0159ata mohou svoji du\u0161i pozb\u00fdt, ani\u017e by to zp\u016fsobilo fyzickou smrt jejich t\u011bla. Tak vznikaj\u00ed gh\u016flov\u00e9. Jedn\u00e1 se o divok\u00e9, nebezpe\u010dn\u00e9, \u010dasto mutovan\u00e9 bestie, hnan\u00e9 jen nen\u00e1vist\u00ed a hladem.<br \/>Ve\u0161ker\u00e1 manipulace s du\u0161emi je ve st\u00ednu pova\u017eov\u00e1na za pom\u011brn\u011b tenk\u00fd led. Supernatur\u00e1lov\u00e9 \u201ehr\u00e1tky\u201c eter\u00e1l\u016f i n\u011bkter\u00fdch nadan\u00fdch v tomto sm\u011bru do zna\u010dn\u00e9 m\u00edry toleruj\u00ed, ale sami t\u011bmito praktikami v\u011bt\u0161inov\u011b pohrdaj\u00ed (a\u0165 u\u017e z mor\u00e1ln\u00edch d\u016fvod\u016f, nebo je pova\u017euj\u00ed za d\u011btinsk\u00e9).\n<br><\/br>\n<u><b>Vn\u011bj\u0161\u00ed sv\u011bty<\/b><\/u><br>\n<p>Nespo\u010det astr\u00e1ln\u00edch sf\u00e9r mnoha podob, z\u00e1visl\u00fdch v\u0161ak na existenci re\u00e1ln\u00e9ho sv\u011bta. N\u011bkter\u00e9 slou\u017e\u00ed jako domovy eter\u00e1l\u016f, jin\u00e9 jsou opu\u0161t\u011bn\u00e9, nebo maj\u00ed n\u011bjak\u00fd vlastn\u00ed \u00fa\u010del. Pro vstup i jejich fungov\u00e1n\u00ed plat\u00ed v\u017edy specifick\u00e9 podm\u00ednky. \u010cty\u0159i nejzn\u00e1m\u011bj\u0161\u00ed jsou Agartha, Celestia, Hel a Sidhe.\n<br><\/br>\n<b>Agartha<\/b><br>\n<p>Sf\u00e9ra smrti, zv\u011bsti o n\u00ed\u017e se staly z\u00e1kladem pro v\u0161echny podoby podsv\u011bt\u00ed v lidsk\u00fdch legend\u00e1ch. V\u0161e zde hal\u00ed hust\u00e1, neproniknuteln\u00e1 mlha. Jedin\u00fdmi barvami jsou odst\u00edny \u0161ed\u00e9, lehk\u00fd v\u00e1nek \u0161ept\u00e1 tis\u00edcem hlas\u016f a jezera Agarthy zej\u00ed nekone\u010dnou, \u010dernou hlubinou. Sf\u00e9ra samotn\u00e1 jako by vys\u00e1vala nejen \u017eivot, ale i radost nebo nad\u011bji z ka\u017ed\u00e9ho, kdo do n\u00ed vstoup\u00ed.\n<br><\/br>\n<b>Celestia<\/b><br>\n<p>Oblaka bez konce proz\u00e1\u0159en\u00e1 sluncem. Pr\u00e1v\u011b tento vn\u011bj\u0161\u00ed sv\u011bt se stal p\u0159edobrazem lidsk\u00e9ho vn\u00edm\u00e1n\u00ed posmrtn\u00e9ho nebe. Eter\u00e1lov\u00e9, kte\u0159\u00ed jej ob\u00fdvaj\u00ed, jsou paradoxn\u011b stoupenci \u0159\u00e1du a zpravidla m\u00edvaj\u00ed siln\u00fd cit pro pojmy jako \u010dest \u010di spravedlnost. N\u011bkdy se v\u0161ak a\u017e p\u0159\u00edli\u0161 shl\u00ed\u017eej\u00ed ve sv\u00e9 vlastn\u00ed dokonalosti.\n<br><\/br>\n<b>Hel<\/b><br>\n<p>Sf\u00e9ra ohn\u011b, samotn\u00e9 peklo, v n\u00ed\u017e z\u010dernalou zem\u00ed pokrytou popelem proud\u00ed \u0159eky l\u00e1vy a vzduch stravuj\u00ed cel\u00e9 pl\u00e1n\u011b ohniv\u00e9ho inferna. \u017dij\u00ed zde zvr\u00e1cen\u00ed a krut\u00ed eter\u00e1lov\u00e9, pro n\u011b\u017e je utrpen\u00ed jejich ob\u011bt\u00ed t\u00edm nejv\u011bt\u0161\u00edm pot\u011b\u0161en\u00edm. Pr\u00e1v\u011b oni se stali \u010f\u00e1bly lidsk\u00fdch m\u00fdt\u016f.\n<br><\/br>\n<b>Sidhe<\/b><br>\n<p>Nekone\u010dn\u00e1 lesn\u00ed \u0159\u00ed\u0161e, p\u0159edstavuj\u00edc\u00ed domov eter\u00e1l\u016f spjat\u00fdch s p\u0159\u00edrodou. Nach\u00e1z\u00ed se zde nechvaln\u011b zn\u00e1m\u00fd v\u00edl\u00ed dv\u016fr, jen\u017e dal vzniknout mnoha pakt\u016fm a dohod\u00e1m ve st\u00ednu. Kr\u00e1lovna v\u00edl je z\u00e1rove\u0148 mezi eter\u00e1ly pova\u017eov\u00e1na za jednu z nejvy\u0161\u0161\u00edch p\u0159irozen\u00fdch autorit.\n<br><\/br>\n<u><b>Bohov\u00e9<\/b><\/u><br>\n<p>V\u011bt\u0161ina historicky zn\u00e1m\u00fdch bo\u017estev byli p\u0159\u00edslu\u0161n\u00edci st\u00ednu, nej\u010dast\u011bji eter\u00e1lov\u00e9, kte\u0159\u00ed dok\u00e1zali d\u00edky sv\u00fdm schopnostem p\u0159esv\u011bd\u010dit lidstvo o sv\u00e9 nad\u0159azenosti. P\u016fvod jin\u00fdch je st\u00e1le zahalen tajemstv\u00edm, ale m\u00e1 se za to, \u017ee jde jen o p\u0159irozen\u00fd d\u016fsledek zna\u010dn\u00e9ho \u010dasov\u00e9ho odstupu. P\u0159esto lze v t\u00e9to oblasti nal\u00e9zt celou \u0159adu dosud nevyvr\u00e1cen\u00fdch teori\u00ed a hluch\u00fdch m\u00edst, co\u017e je mimo jin\u00e9 d\u016fvodem, \u017ee i ve st\u00ednu je v\u00edra jak\u00e9hokoliv druhu st\u00e1le p\u0159irozen\u00fdm aspektem existence.\n<br><\/br>\n<u><b>Zaj\u00edmavosti<\/b><\/u><br>\n<p><a href=\"https:\/\/stinysera.dark-net.cz\/wp-content\/uploads\/2019\/11\/Historie-20.-a-21.-stolet\u00ed.pdf\" target=\"_blank\" rel=\"noopener noreferrer\"><span style=\"color: #8b0000;\">Historie 20. a 21. stolet\u00ed<\/span><\/a><br \/><a href=\"https:\/\/stinysera.dark-net.cz\/wp-content\/uploads\/2014\/09\/Vliv-supernatur\u00e1l\u016f-v-Evrop\u011b.jpg\" target=\"_blank\" rel=\"noopener noreferrer\"><span style=\"color: #8b0000;\">Zn\u00e1zorn\u011bn\u00ed vlivu supernatur\u00e1l\u016f v Evrop\u011b<\/span><\/a><\/p>\n<p><!-- p--><br \/><img loading=\"lazy\" decoding=\"async\" class=\"aligncenter size-full wp-image-1003\" src=\"https:\/\/stinysera.dark-net.cz\/wp-content\/uploads\/2014\/09\/werewolf_wallpaper_by_asynja-d46eout-1024x5761.png\" alt=\"werewolf_wallpaper_by_asynja-d46eout-1024x576\" width=\"909\" height=\"520\" srcset=\"https:\/\/stinysera.dark-net.cz\/wp-content\/uploads\/2014\/09\/werewolf_wallpaper_by_asynja-d46eout-1024x5761.png 909w, https:\/\/stinysera.dark-net.cz\/wp-content\/uploads\/2014\/09\/werewolf_wallpaper_by_asynja-d46eout-1024x5761-300x171.png 300w\" sizes=\"auto, (max-width: 909px) 100vw, 909px\" \/><br \/><u><b>Prost\u0159ed\u00ed hry<\/b><\/u>\n<br><\/br>\n<b>Tartu<\/b><br>\n<p>Tartu je s necel\u00fdmi 90 000 obyvateli druh\u00fdm nejv\u011bt\u0161\u00edm m\u011bstem Estonska. Jeho historie sah\u00e1 a\u017e do 5. stolet\u00ed a v sou\u010dasnosti p\u0159edstavuje kulturn\u00ed, stejn\u011b jako intelektu\u00e1ln\u00ed, centrum zem\u011b. Naleznete zde nejen v\u011bhlasnou Tartuskou univerzitu, ale kup\u0159\u00edkladu i Pobaltskou vojenskou akademii, spolu se s\u00eddlem estonsk\u00e9ho ministerstva \u0161kolstv\u00ed a v\u00fdzkumu. Odkaz minulosti, p\u0159edstavovan\u00fd luter\u00e1nsk\u00fdm kostelem svat\u00e9ho Jana, \u010di zbytky katedr\u00e1ly, se zde snoub\u00ed d\u00edky proslulosti m\u011bsta s neoby\u010dejn\u011b bohat\u00fdm no\u010dn\u00edm \u017eivotem.<br \/>V ned\u00e1vn\u00e9 minulosti roku 1920 byla pr\u00e1v\u011b zde uzav\u0159ena tartusk\u00e1 m\u00edrov\u00e1 smlouva mezi tehdej\u0161\u00edm Sov\u011btsk\u00fdm Ruskem a Estonskem, fakticky potvrzuj\u00edc\u00ed jeho pr\u00e1vo na osamostatn\u011bn\u00ed. Pozd\u011bji na m\u011bsto, stejn\u011b jako celou zemi, dolehly pln\u011b d\u016fsledky 2. sv\u011btov\u00e9 i pozd\u011bji studen\u00e9 v\u00e1lky, ale u\u017e v nich nesehr\u00e1lo v\u00e1\u017en\u011bj\u0161\u00ed \u00falohu.<br \/>Tartu p\u0159edstavuje z hlediska supernatur\u00e1ln\u00edho vlivu sou\u010d\u00e1st vlkodla\u010d\u00edho teritoria sme\u010dky Vyvolen\u00fdch. Zdej\u0161\u00ed komunita st\u00ednu je pom\u011brn\u011b pestr\u00e1, ale z\u00e1rove\u0148 klidn\u00e1 a usedl\u00e1. Jak\u00e9koliv konflikty lok\u00e1ln\u00edho v\u00fdznamu se proto \u0159e\u0161\u00ed podle okolnost\u00ed v\u011bt\u0161inou p\u0159\u00edmo mezi jejich inici\u00e1tory a jedn\u00e1 se sp\u00ed\u0161e jen o jak\u00e9si ha\u0161te\u0159en\u00ed.\n<br><\/br>\n<b>Ned\u00e1vn\u00e9 ud\u00e1losti<\/b><br>\n<p>&#8230;<\/p>\n<p><!-- p--><br \/><img loading=\"lazy\" decoding=\"async\" class=\"aligncenter size-large wp-image-961\" src=\"https:\/\/stinysera.dark-net.cz\/wp-content\/uploads\/2014\/09\/Tartu-1024x682.png\" alt=\"Tartu\" width=\"900\" height=\"600\" srcset=\"https:\/\/stinysera.dark-net.cz\/wp-content\/uploads\/2014\/09\/Tartu-1024x682.png 1024w, https:\/\/stinysera.dark-net.cz\/wp-content\/uploads\/2014\/09\/Tartu-300x199.png 300w, https:\/\/stinysera.dark-net.cz\/wp-content\/uploads\/2014\/09\/Tartu.png 1229w\" sizes=\"auto, (max-width: 900px) 100vw, 900px\" \/><\/p>\n","protected":false},"excerpt":{"rendered":"<p>Hern\u00ed sv\u011bt B\u011b\u017en\u00e1 realita pln\u011b odpov\u00edd\u00e1 sou\u010dasnosti, jak ji zn\u00e1te z ka\u017edodenn\u00edho \u017eivota. O\u010d\u00edm \u010dlov\u011bka, v jeho smrteln\u00e9 omezenosti skryt\u00fd, zde v\u0161ak existuje tak\u00e9 st\u00edn. P\u0159edstavte si jen na chv\u00edli sv\u011bt jako jeden obrovsk\u00fd, neust\u00e1le v rytmu hudby v\u00ed\u0159\u00edc\u00ed ma\u0161karn\u00ed b\u00e1l. Jenom\u017ee ne v\u0161ichni zamaskovan\u00ed tane\u010dn\u00edci jsou ve skute\u010dnosti oby\u010dejn\u00ed lid\u00e9. A pr\u00e1v\u011b oni, p\u0159\u00edslu\u0161n\u00edci [&hellip;]<\/p>\n","protected":false},"author":3,"featured_media":0,"parent":0,"menu_order":0,"comment_status":"closed","ping_status":"closed","template":"","meta":{"footnotes":""},"class_list":["post-27","page","type-page","status-publish","hentry"],"_links":{"self":[{"href":"https:\/\/stinysera.dark-net.cz\/index.php?rest_route=\/wp\/v2\/pages\/27","targetHints":{"allow":["GET"]}}],"collection":[{"href":"https:\/\/stinysera.dark-net.cz\/index.php?rest_route=\/wp\/v2\/pages"}],"about":[{"href":"https:\/\/stinysera.dark-net.cz\/index.php?rest_route=\/wp\/v2\/types\/page"}],"author":[{"embeddable":true,"href":"https:\/\/stinysera.dark-net.cz\/index.php?rest_route=\/wp\/v2\/users\/3"}],"replies":[{"embeddable":true,"href":"https:\/\/stinysera.dark-net.cz\/index.php?rest_route=%2Fwp%2Fv2%2Fcomments&post=27"}],"version-history":[{"count":265,"href":"https:\/\/stinysera.dark-net.cz\/index.php?rest_route=\/wp\/v2\/pages\/27\/revisions"}],"predecessor-version":[{"id":1627,"href":"https:\/\/stinysera.dark-net.cz\/index.php?rest_route=\/wp\/v2\/pages\/27\/revisions\/1627"}],"wp:attachment":[{"href":"https:\/\/stinysera.dark-net.cz\/index.php?rest_route=%2Fwp%2Fv2%2Fmedia&parent=27"}],"curies":[{"name":"wp","href":"https:\/\/api.w.org\/{rel}","templated":true}]}}