{"id":25,"date":"2014-09-19T07:46:03","date_gmt":"2014-09-19T06:46:03","guid":{"rendered":"http:\/\/stinysera.dark-net.cz\/?page_id=25"},"modified":"2020-03-26T13:42:47","modified_gmt":"2020-03-26T12:42:47","slug":"registrace","status":"publish","type":"page","link":"https:\/\/stinysera.dark-net.cz\/?page_id=25","title":{"rendered":"Registrace"},"content":{"rendered":"\n<p><span style=\"text-decoration: underline;\"><strong>Registra\u010dn\u00ed formality<\/strong><\/span><\/p>\n<p>Za\u010d\u00e1tek registrace: &#8230;<br \/>Konec registrace: &#8230;<br \/>V\u011bkov\u00e9 omezen\u00ed: 15+<br \/>Registra\u010dn\u00ed poplatek: 250 K\u010d<br \/>\u010c\u00edslo \u00fa\u010dtu: 1595565012\/3030<br \/>D\u016fle\u017eit\u00e9: <a href=\"https:\/\/stinysera.dark-net.cz\/wp-content\/uploads\/2019\/11\/Souhlas.pdf\" target=\"_blank\" rel=\"noopener noreferrer\"><span style=\"color: #8b0000;\">SOUHLAS Z\u00c1KONN\u00c9HO Z\u00c1STUPCE<\/span><\/a>\n<br><\/br>\n<span style=\"text-decoration: underline;\"><strong>Jak se registrovat<\/strong><\/span>\n<p>Vypln\u00edte a ode\u0161lete n\u00ed\u017ee v odkazu um\u00edst\u011bn\u00fd formul\u00e1\u0159. Od n\u00e1s pot\u00e9, jakmile jej zpracujeme, obdr\u017e\u00edte na opl\u00e1tku potvrzovac\u00ed mail i ve\u0161ker\u00e9 dal\u0161\u00ed pot\u0159ebn\u00e9 materi\u00e1ly, v\u010detn\u011b variabiln\u00edho symbol pro zaplacen\u00ed registra\u010dky. Tu je p\u0159itom t\u0159eba uhradit do 14 dn\u016f od obdr\u017een\u00ed mailu (a z\u00e1rove\u0148 do ukon\u010den\u00ed registrace), jinak va\u0161e m\u00edsto propad\u00e1. P\u0159\u00edchoz\u00ed registra\u010dky se pravideln\u011b kontroluj\u00ed. P\u0159ijet\u00ed pozn\u00e1te na str\u00e1nk\u00e1ch prost\u0159ednictv\u00edm zm\u011bny barvy p\u0159ezd\u00edvky hr\u00e1\u010de z \u0161ed\u00e9 na \u010dernou.<br \/>Po\u010det hr\u00e1\u010d\u016f v jednotliv\u00fdch frakc\u00edch nen\u00ed ze za\u010d\u00e1tku omezen, ale m\u016f\u017ee se st\u00e1t, \u017ee v p\u0159\u00edpad\u011b p\u0159\u00edli\u0161n\u00fdch po\u010detn\u00edch rozd\u00edl\u016f registraci za n\u011bkter\u00e9 z nich do\u010dasn\u011b pozastav\u00edme.<br \/>\u00da\u010dastn\u00edci mlad\u0161\u00ed 18 let povinn\u011b musej\u00ed m\u00edt s sebou vypln\u011bn\u00fd v\u00fd\u0161e uveden\u00fd souhlas z\u00e1konn\u00e9ho z\u00e1stupce (tzn. v\u011bt\u0161inou n\u011bkter\u00e9ho rodi\u010de).\n<br><\/br>\n<span style=\"text-decoration: underline;\"><strong>Tvorba postavy<\/strong><\/span>\n<br><\/br>\n<b>Pravidla<\/b>\n<p>P\u0159edstavuj\u00ed p\u0159esn\u011b dan\u00e9 hern\u00ed mechanismy a statistiky, d\u00e1le popsan\u00e9 v sekci \u201ePravidla\u201d.\n<br><\/br>\n<b>Roleplaying<\/b>\n<p>P\u0159edstavuje osobnost va\u0161\u00ed postavy a v\u016fbec v\u0161e, \u010d\u00edm byla, je nebo by kdy mohla b\u00fdt. Nevy\u017eadujeme, abyste n\u00e1m zas\u00edlali \u017eivotopisy postav, ale pakli\u017ee kup\u0159\u00edkladu chcete sv\u016fj p\u0159\u00edb\u011bh n\u011bjak v\u00edce zapojit do hry, nev\u00e1hejte se s n\u00e1mi o n\u011bj pod\u011blit (pr\u00e1v\u011b za t\u00edmto \u00fa\u010delem mimo jin\u00e9 slou\u017e\u00ed textov\u00e9 pole v registra\u010dn\u00edm formul\u00e1\u0159i). My v\u0161e d\u016fkladn\u011b zv\u00e1\u017e\u00edme a pot\u00e9 spole\u010dn\u011b najdeme cestu, jak va\u0161i tvo\u0159ivost co nejl\u00e9pe vyu\u017e\u00edt.<br \/>Ve\u0161ker\u00e9 postavy, vyjma t\u011bch v\u00fdslovn\u011b schv\u00e1len\u00fdch, nesm\u011bj\u00ed v b\u011b\u017en\u00e9 realit\u011b ani ve st\u00ednu zast\u00e1vat vy\u0161\u0161\u00ed, ne\u017e pr\u016fm\u011brn\u00e9 postaven\u00ed. Nemohou tak\u00e9 b\u00fdt \u010dleny tajn\u00fdch, \u010di mezin\u00e1rodn\u00edch organizac\u00ed (FBI, GRU, zedn\u00e1\u0159i,&#8230;). Naopak v\u00fdrazn\u011b doporu\u010den\u00fdm aspektem je, aby poch\u00e1zely z Tartu, nebo alespo\u0148 Estonska.\n<br><\/br>\n<center><a nehref=\"https:\/\/docs.google.com\/forms\/d\/e\/1FAIpQLSfYse_4HehlxooQEifJbSp4j70IwJ80GQWSx8zIS-9Kckm4Pg\/viewform?fbclid=IwAR3jea7UkZ0BN2vbbvmLr0iZrG9qIvsTI3JgfjJzmZjWQuFI9-uZYgThCAs\" \"target=\"_blank\" rel=\"noopener noreferrer\"><span style=\"color: #8b0000;\"><b> &gt;&gt;&gt; REGISTRA\u010cN\u00cd FORMUL\u00c1\u0158 &lt;&lt;&lt;<\/b><\/span><\/a><\/center>\n<br><\/br>\n<center><span style=\"color: #8b0000;\">Seznam registrovan\u00fdch<\/span><\/center>\n<br \/><img loading=\"lazy\" decoding=\"async\" class=\"aligncenter size-large wp-image-1017\" src=\"https:\/\/stinysera.dark-net.cz\/wp-content\/uploads\/2014\/09\/Karty-1024x518.png\" alt=\"Karty\" width=\"900\" height=\"455\" srcset=\"https:\/\/stinysera.dark-net.cz\/wp-content\/uploads\/2014\/09\/Karty-1024x518.png 1024w, https:\/\/stinysera.dark-net.cz\/wp-content\/uploads\/2014\/09\/Karty-300x151.png 300w\" sizes=\"auto, (max-width: 900px) 100vw, 900px\" \/>\n<br><\/br>\n<u><b>Zvl\u00e1\u0161tn\u00ed kategorie postav<\/b><\/u>\n<br><\/br>\n<b>Pojmenovan\u00e9 postavy<\/b>\n<p>Registrovat se za n\u011b lze pouze po domluv\u011b s organiz\u00e1tory. Hern\u011b se jedn\u00e1 o p\u0159inejmen\u0161\u00edm ve st\u00ednu zn\u00e1m\u00e9 osobnosti.<br \/>N\u011bkter\u00e9 pojmenovan\u00e9 postavy mohou m\u00edt i ur\u010den\u00fd po\u010det \u010dlen\u016f doprovodu, kter\u00e9 si samy vyberou.\n<br><\/br>\n<center><span style=\"color: #8b0000;\">Seznam pojmenovan\u00fdch postav<\/span><\/center>\n<br><\/br>\n<b>Ciz\u00ed postavy<\/b>\n<p>Registrovat se za n\u011b lze pouze po domluv\u011b s organiz\u00e1tory. Reprezentuj\u00ed oby\u010dejn\u00e9 lidi, nadan\u00e9, eter\u00e1ly nebo ni\u017e\u0161\u00ed.<br \/>Maj\u00ed svobodnou v\u016fli, ale p\u0159\u00edle\u017eitostn\u011b mohou b\u00fdt (zne)u\u017e\u00edv\u00e1ny organiz\u00e1tory k (ne)pl\u00e1novan\u00fdm z\u00e1sah\u016fm do hry. Pro jejich schv\u00e1len\u00ed je t\u0159eba prok\u00e1zat zna\u010dnou m\u00edru kreativity, p\u0159inejmen\u0161\u00edm ve smyslu roleplayingov\u00e9ho pozad\u00ed postavy, a mus\u00ed svoj\u00ed existenc\u00ed p\u0159edstavovat prokazateln\u00fd hern\u00ed p\u0159\u00ednos.\n<br><\/br>\n<center><span style=\"color: #8b0000;\">Seznam ciz\u00edch postav<\/span><\/center>\n<br><\/br>\n<p><img loading=\"lazy\" decoding=\"async\" class=\"aligncenter size-large wp-image-230\" src=\"https:\/\/stinysera.dark-net.cz\/wp-content\/uploads\/2014\/09\/Dark-Masquerade-174396-1024x7362.png\" alt=\"Dark Masquerade-174396\" width=\"700\" height=\"504\" \/><\/p>\n","protected":false},"excerpt":{"rendered":"<p>Registra\u010dn\u00ed formality Za\u010d\u00e1tek registrace: &#8230;Konec registrace: &#8230;V\u011bkov\u00e9 omezen\u00ed: 15+Registra\u010dn\u00ed poplatek: 250 K\u010d\u010c\u00edslo \u00fa\u010dtu: 1595565012\/3030D\u016fle\u017eit\u00e9: SOUHLAS Z\u00c1KONN\u00c9HO Z\u00c1STUPCE Jak se registrovat Vypln\u00edte a ode\u0161lete n\u00ed\u017ee v odkazu um\u00edst\u011bn\u00fd formul\u00e1\u0159. Od n\u00e1s pot\u00e9, jakmile jej zpracujeme, obdr\u017e\u00edte na opl\u00e1tku potvrzovac\u00ed mail i ve\u0161ker\u00e9 dal\u0161\u00ed pot\u0159ebn\u00e9 materi\u00e1ly, v\u010detn\u011b variabiln\u00edho symbol pro zaplacen\u00ed registra\u010dky. Tu je p\u0159itom t\u0159eba uhradit [&hellip;]<\/p>\n","protected":false},"author":3,"featured_media":0,"parent":0,"menu_order":0,"comment_status":"closed","ping_status":"closed","template":"","meta":{"footnotes":""},"class_list":["post-25","page","type-page","status-publish","hentry"],"_links":{"self":[{"href":"https:\/\/stinysera.dark-net.cz\/index.php?rest_route=\/wp\/v2\/pages\/25","targetHints":{"allow":["GET"]}}],"collection":[{"href":"https:\/\/stinysera.dark-net.cz\/index.php?rest_route=\/wp\/v2\/pages"}],"about":[{"href":"https:\/\/stinysera.dark-net.cz\/index.php?rest_route=\/wp\/v2\/types\/page"}],"author":[{"embeddable":true,"href":"https:\/\/stinysera.dark-net.cz\/index.php?rest_route=\/wp\/v2\/users\/3"}],"replies":[{"embeddable":true,"href":"https:\/\/stinysera.dark-net.cz\/index.php?rest_route=%2Fwp%2Fv2%2Fcomments&post=25"}],"version-history":[{"count":488,"href":"https:\/\/stinysera.dark-net.cz\/index.php?rest_route=\/wp\/v2\/pages\/25\/revisions"}],"predecessor-version":[{"id":1667,"href":"https:\/\/stinysera.dark-net.cz\/index.php?rest_route=\/wp\/v2\/pages\/25\/revisions\/1667"}],"wp:attachment":[{"href":"https:\/\/stinysera.dark-net.cz\/index.php?rest_route=%2Fwp%2Fv2%2Fmedia&parent=25"}],"curies":[{"name":"wp","href":"https:\/\/api.w.org\/{rel}","templated":true}]}}